hat is the highest common factor of 7 and w?
7
Suppose -5*c + 870 = -t, 5*t + 174 = c + 2*t. Let o = -154 + c. Calculate the greatest common divisor of o and 580.
20
Let b = 1804 - 1653. Calculate the highest common divisor of 2 and b.
1
Suppose 2*l - 1468 = 2*r, 15*l - 2933 = 11*l + r. Let h = 794 - l. Calculate the greatest common divisor of 1 and h.
1
Suppose -48*i = -49*i + 32. Suppose -13*s + 5*s + i = 0. Calculate the highest common divisor of s and 14.
2
Let c(y) = -3*y**2 - 42*y + 768. Let x be c(-22). What is the greatest common divisor of 1520 and x?
80
Let k = 19 - 18. Let x(j) = 0*j**2 - 7*j - j**3 - 2*j**2 + 5 - k + 7*j**2. Let v be x(3). What is the highest common divisor of 2 and v?
1
Let w(b) = 42*b**2 - 16*b - 10. Let i be w(1). What is the greatest common factor of 141 and i?
1
Suppose -4*d + 29 = b - 13, 4*b = -4*d + 192. Suppose -32 = -4*o - p, -5*o - 5 = -6*o - p. Let k = 1 + o. What is the highest common factor of b and k?
10
Let t(w) = 6*w**3 - 191*w**2 - 32*w + 60. Let v be t(32). Calculate the greatest common factor of v and 3396.
12
Let h(i) = i - 6. Suppose -4*a - 6 = 5*z, 0*z + 24 = 2*z - 5*a. Let u be h(z). Let r be (u/(80/35))/((-2)/24). What is the highest common divisor of r and 28?
7
Let a be (-2 + 0)*34/(-4). Suppose 12*k + 12*k = 120. Suppose 121 = 4*d - 3*w - 2*w, 49 = d + k*w. What is the highest common factor of a and d?
17
Suppose -910 = -2*b - 5*b. Suppose -9*q - b = -10*q. Calculate the highest common factor of 26 and q.
26
Let c be 13920/1044*9*2/15. Let z = 6 + -4. Suppose 0 = k - z*w + 4, -5*k + 23 + 17 = 5*w. What is the greatest common divisor of c and k?
4
Suppose -47 = 4*f - 119. Let c = 35 - f. Let g(a) = 2*a**2 + 4*a + 10. Let y be g(7). Calculate the highest common divisor of c and y.
17
Let h(r) = 708*r - 9. Let u be h(-4). Let j = u - -3998. Suppose -5*t + 2*p + j = 0, 0 = -2*t - t + 4*p + 697. What is the highest common factor of t and 21?
21
Let q(o) = 24*o**2 + o. Let l be q(1). Let d be (10/l)/((-2)/(-100)). Let w be (-24)/(2 + 1)*46/(-92). Calculate the highest common divisor of w and d.
4
Suppose 32*r + 2541 = 63*r - 20*r. What is the greatest common factor of 1749 and r?
33
Suppose 2*b = 2180 + 4722. What is the greatest common factor of b and 119?
119
Let c(x) = x**3 - 3*x. Let m be c(6). Suppose 346*g + 256*g - 18248 + 5004 = 0. What is the highest common factor of g and m?
22
Let q(l) = 23*l - 238. Let p be q(12). Let m be (-1056)/(-4 - 2) + -5. What is the highest common factor of m and p?
19
Suppose 4*t - 1526 = -530. Suppose 0 = 31*l - t - 526. Calculate the highest common factor of 50 and l.
25
Let o = 1492 + 3936. Calculate the greatest common divisor of o and 944.
236
Let f be -4*((-28)/(-8) + -4). Let j be -24*4/6*f/(-2). Suppose 0 = -3*m - 2*h + 620, 4*h + 828 = 4*m + 6*h. What is the highest common divisor of j and m?
16
Let q be (8/(-4) + -24)/((-1)/2). Let a be -3 - 4988/(-26) - (-8)/q. What is the greatest common factor of 21 and a?
21
Let i be 60 - (-8 + 12) - 0. Let m = 112 + -84. What is the highest common divisor of i and m?
28
Let z = -2424 - -2431. Calculate the greatest common factor of z and 4277.
7
Let h = 48 + 72. Let k be (-8 - -7)*-8*(-19)/2. Let j = 124 + k. What is the greatest common divisor of j and h?
24
Suppose -33*y = -38*y + 1095. What is the highest common factor of 803 and y?
73
Let i be (-2 + (-185)/(-100))*-16*65. What is the highest common divisor of i and 1833?
39
Let z(d) = -d**3 + d**2 - 11*d + 2. Let h be z(-25). Calculate the highest common divisor of h and 21.
21
Suppose -f + 40 + 77 = 0. Suppose s - a = 4, 9*a - 8 = -3*s + 8*a. Suppose 0 = b - d - 14, b = -s*d + 7*d + 17. What is the greatest common factor of f and b?
13
Suppose -4*i + 2977 = 3*d, -5*d + 21 = 6. Calculate the highest common divisor of 14 and i.
14
Let x be (-3)/2*2 + (-6 - -9). Suppose -k = -4*m - 28, 2*m - 14 = -3*k - x*k. What is the highest common factor of 136 and k?
8
Suppose 4*a = 4*b + 1 + 15, -2*b - 12 = -4*a. Suppose -v = 2*n - 160, a*n + 235 + 55 = 2*v. Calculate the greatest common factor of v and 200.
50
Let m(v) = -v**2 - 2*v + 27. Let c be m(-6). Suppose -c*d = 3*z - 288, -d + 91 = -4*z - 25. Calculate the highest common divisor of d and 20.
20
Suppose -4*d + 36 = o - 96, -o - d + 117 = 0. Calculate the greatest common divisor of o and 154.
14
Suppose 14256 = 615*i - 604*i. Suppose -11*n = -1168 - i. What is the highest common divisor of 14 and n?
14
Suppose 78*s - 37*s - 15*s = 11960. Calculate the greatest common divisor of 2254 and s.
46
Suppose 0 = f - 0*k + 2*k - 79, 4*k = -5*f + 383. Suppose 0 = 169*c - 164*c - f. What is the highest common divisor of 15 and c?
15
Suppose -28218 = 635*z - 163473. Suppose 0 = -0*b - b + 71. Calculate the highest common factor of b and z.
71
Suppose -h + 2 = -1. Let i be 1 - 294/h*-1. Let q = 176 - i. Calculate the highest common divisor of 11 and q.
11
Let l(h) = 8*h**2 - 9*h + 34. Let n be l(-5). What is the highest common divisor of n and 18?
9
Let w = 128 + 41. Suppose 0 = 4*q - 71 - w. Let h = -11173 + 11185. What is the greatest common divisor of h and q?
12
Let a(d) = -656*d + 646*d + d**2 + 78 + 0*d**2 + 1. Let j be a(8). Calculate the highest common factor of 147 and j.
21
Let x(y) = -y**3 + 5*y**2 + 2*y - 1. Let z be x(5). Suppose -v - 2*h + 355 = 0, h = 3*v - 2*h - 1047. What is the greatest common divisor of z and v?
9
Let s(g) = -g**3 - g**2 - 2*g - 4. Let t be s(-3). Let f be ((-196)/8)/(-7) - (-51)/102. What is the highest common factor of t and f?
4
Let r(n) = -4*n**3 + 2*n**2 - n + 84. Let b be r(0). Suppose 0 = 6*o - 12*o + b. What is the greatest common divisor of 14 and o?
14
Let c be 3*(-2)/(12/(-30)). Suppose 4*y - 76 = -2*b, c*y - 3*b + 14 = 16*y. Calculate the greatest common factor of 500 and y.
20
Let n = 8485 + -8303. Calculate the greatest common divisor of 754 and n.
26
Let y(i) = -35*i + 1208. Let b be y(18). What is the highest common factor of 34 and b?
34
Let b(w) = -w**3 - 18*w**2 + 18*w - 7. Let h be b(-19). Suppose 748 - 280 = h*o. Calculate the highest common factor of o and 26.
13
Suppose -3*l - 1931 = -4*b, -4*l = 6 - 18. Suppose 6*s - 35 = -b. Let q = s + 93. Calculate the highest common factor of q and 9.
9
Let j = -298 + 300. Suppose -j*g - y + 7 = -2, -g = 5*y. Calculate the highest common factor of g and 40.
5
Let c = -39020 + 55373. What is the greatest common factor of c and 414?
207
Suppose -4*z + 2*k + 14494 = 0, 3*z - k = 13384 - 2510. What is the greatest common divisor of z and 468?
117
Let x(b) be the third derivative of b**5/60 - 5*b**4/6 - 71*b**3/6 - 6*b**2 - 8. Let g be x(-6). What is the greatest common factor of 51 and g?
17
Let w(r) = 70*r. Let o be w(1). Let y = o + -69. Let u be 0/(-1 - 3) + y. What is the highest common factor of u and 1?
1
Suppose -4*j + 116*h = 117*h - 2821, -2*h - 2818 = -4*j. Calculate the greatest common factor of j and 300.
15
Suppose 0*i = -2*i + 4*f - 32, -3*i - 42 = -3*f. Let p = -7 - i. Let g = -160329 - -160344. What is the highest common factor of p and g?
5
Suppose -3*q - 12 = -63. Suppose -9*s + 33 = -12. Suppose -8*f + 255 = -s*f. What is the greatest common divisor of f and q?
17
Let t(f) = 17*f**2 + 8*f - 20. Let l be t(3). Let z be l/1 + (-15 - -11). Calculate the greatest common divisor of z and 102.
51
Suppose -9*r = 5*r - 1218. Let y(u) = 14*u**2 + 2. Suppose -3*a + 2 = -2*a. Let p be y(a). Calculate the highest common factor of r and p.
29
Let z = 4860 + -4769. Calculate the greatest common factor of 910 and z.
91
Suppose 3*k = -5*f + 29, 0*k + f + 23 = k. Let u be k*35/84*8. Calculate the greatest common divisor of 780 and u.
60
Let h be ((-32)/((-32)/525))/(-1 + 2). What is the greatest common factor of 2400 and h?
75
Suppose 48 = 43*g - 31*g. Suppose -4*h + 112 = 2*q, 4*h - q = -g*q + 114. Let f = -18 - -126. Calculate the highest common divisor of h and f.
27
Suppose -733488 = -25*y - 8*y + 675150. Calculate the highest common factor of y and 14.
14
Suppose -x - 2*f + 11 = 0, 121 = 4*x - 27*f + 24*f. What is the greatest common divisor of x and 2725?
25
Let q(x) = 2*x**3 - 35*x**2 - 15*x - 14. Let w be q(18). Suppose -5*b = 3*n - 157 + w, 4*n = -4. Calculate the greatest common factor of b and 3.
3
Suppose d = -3